et d(x) = -5*l(x) + 7*p(x). Suppose 37*i + 211 = -159 + 185. Calculate d(i).
9
Suppose 0 = -3*h + 530 - 2. Let z(d) = -9 + h*d + 169*d - 346*d. Let k(j) = -j - 9. Let q be k(0). Give z(q).
0
Let l(a) = 67*a**2 - 7*a - 11. Let c(g) = 58*g**2 - 6*g - 10. Let i(y) = -8*c(y) + 7*l(y). Calculate i(3).
45
Let j be 4/8*((-8)/2 + -4 + 2). Let u(b) = -b**2 - 32*b - 86. What is u(j)?
1
Let u(j) = 37*j + 166. Let d(h) = -53*h - 168. Let s(o) = 4*d(o) + 5*u(o). Determine s(6).
-4
Let o(s) be the second derivative of -s**5/20 - 7*s**4/12 - 13*s**3/6 - 10*s**2 - 2*s. Let x be o(-5). Let u(a) = a + 3. Give u(x).
-2
Let j(y) = 0*y**2 - 1 + y**3 - 4 + 2*y**2 - 4*y. Let n be ((-65)/26)/(35/28). What is j(n)?
3
Let y = -5774 - -5776. Let s(z) = -3*z**2 - 2*z + 2. Determine s(y).
-14
Let d(z) = -1 - 238*z - 276*z - 243*z - z**2 + 753*z - 2*z**3 - 5. What is d(-3)?
51
Let o(f) = 5*f**2 + 115*f + 434. Let h be o(-5). Let i(q) = -q - 66. What is i(h)?
-50
Let o = -107 + 113. Let l be o/(84/49) + (-3)/(-2). Let z(y) = -y**3 + 4*y**2 + 4*y + 6. Give z(l).
1
Let z(h) = -111*h - 13102. Let c be z(-118). Let v(q) = 36*q + 7. Let j(g) = 9*g + 2. Suppose -3*u + 3 = -24. Let n(y) = u*j(y) - 2*v(y). Give n(c).
-32
Let y(i) = 9*i**2 + 4*i + 15. Suppose -61 = -3*n + 2*d - 86, 0 = -n + 5*d - 43. Give y(n).
84
Let n(v) = -12*v + 76. Let f be n(6). Let c(l) = -l**2 + f*l - 84 - 113 + 195. Calculate c(5).
-7
Let a(b) = 13754644*b + 332 - 13754710*b + 135. Give a(7).
5
Let h(v) be the second derivative of -v**4/12 + 7*v**3/6 + 4*v**2 - 2*v - 1574. Determine h(8).
0
Let o = 209 - 210. Let f(s) = 3*s + 1. Let r(j) = -j - 1. Let w(d) = o*f(d) - 6*r(d). Calculate w(7).
26
Let l(w) be the second derivative of -36 + 0*w**2 - w + 1/12*w**4 + 2/3*w**3. Calculate l(-5).
5
Let u = 13615 - 13625. Let k(o) = -o**3 - 9*o**2 + 13*o + 23. What is k(u)?
-7
Let a(k) = 48 + 2*k - 3*k - 8 + 1 + 10. Give a(0).
51
Let n(a) be the third derivative of a**6/360 - a**5/40 + a**4/4 - 3*a**2. Let x(t) be the second derivative of n(t). Let p be (3/2)/(5 - 172/32). Give x(p).
-11
Suppose -d = 5*l + 76, -5*l + 2*d - 102 = -14. Let u be (-7)/2 + ((-56)/l)/7. Let h(m) = -m**3 - m**2 + 7*m + 4. Give h(u).
1
Let g(y) be the third derivative of y**6/120 - 3*y**5/20 - y**4/24 + y**3 - 4*y**2 - 4*y + 318. Suppose -5*o - 46 = -4*t, -t = -3*t - 4*o + 10. Calculate g(t).
-3
Let o = 2383 - 2385. Let s(f) = -7*f**2 - 13*f + 4. Determine s(o).
2
Let r be 53/5 + (-140)/25 + 6. Let q(d) = -d**3 + 12*d**2 - 7*d - 43. Determine q(r).
1
Let j(k) = -k**3 + k**2 - 5. Suppose -143 + 303 = 80*m. Calculate j(m).
-9
Let b be (-219 - -214) + (3*-5 - 2*-1). Let s(z) = -z**3 - 17*z**2 + 14*z + 42. Determine s(b).
114
Let v(k) = -4 + 6 + 12 + k + 1 + 0*k. Give v(-20).
-5
Let d be (12/6)/(4/16). Suppose -d - 2 = 10*h. Let n(m) = -28*m**2 + 2*m + 1. Calculate n(h).
-29
Let b(l) = -10*l**3 - l**2 - 5*l + 24. Let n(u) = -16*u**3 - u**2 - 3*u + 28. Let i(a) = -3*b(a) + 2*n(a). Determine i(0).
-16
Suppose -5*i + 2*w - 11 = 0, -4*i + 263*w = 258*w + 36. Let a(d) = -18*d + 9. What is a(i)?
-9
Let c(f) = f - 1996560*f**2 - 3*f + 1996559*f**2 + 3. Let n = 10 - 15. Let h be (-6)/n*10/(-3). Give c(h).
-5
Let z be (64/(-320) - (-1)/5)/(-4). Let w(d) = 2*d + 10. Give w(z).
10
Let f(h) be the second derivative of h**3 + 3*h**2/2 + 3*h. Suppose 31*w = -14*w + 225. Determine f(w).
33
Let c(v) = -v**3 - 10*v**2 - 24*v + 2. Let d be (46/161)/(1/(-21)). Calculate c(d).
2
Let z(l) be the third derivative of -3*l**4/8 + 101*l**3/6 - 361*l**2. Give z(12).
-7
Let z(c) be the third derivative of -c**4/6 + 52*c**3/3 - 5214*c**2. Give z(17).
36
Let t be 8 + 2*(17 - 24). Let n(c) = c**3 - 4*c**2 - 62*c - 10. Determine n(t).
2
Suppose -18*s + 143 = -31*s. Let n(i) = i**2 + 14*i + 11. Calculate n(s).
-22
Let a(u) = 11*u**2 - 9*u - 17. Let w(h) = 56*h**2 - 46*h - 88. Let v(y) = -21*a(y) + 4*w(y). Give v(-2).
-33
Let y(j) be the first derivative of j**2 + 15*j - 10918. Calculate y(20).
55
Let t(w) = 29*w - 13*w - 105 + 104. Determine t(1).
15
Let l(y) = y**2 - 13*y - 9. Let z be (126*62)/9 - -9. Let x = z - 863. Give l(x).
5
Let v(d) be the first derivative of -d**4/4 + 2*d**3/3 + d + 3. Let p(s) = -30*s + 328. Let y be p(11). Give v(y).
17
Let t(q) be the third derivative of -6*q**2 - 1/60*q**5 - 5/6*q**3 - 13/24*q**4 + 0 - 3*q. Give t(-8).
35
Let g(b) = 3*b**2 + 5*b + 15. Let t(u) be the third derivative of u**5/15 + u**4/6 + 13*u**3/6 + 5*u**2 - u. Let o(l) = 6*g(l) - 7*t(l). Determine o(2).
-37
Let q = -75 + 81. Suppose 0 = 5*m - 0*m + 2*a + 6, -q = 2*m - a. Let j(o) = -o + 1. Let x(w) = -4*w + 3. Let l(p) = m*j(p) + x(p). Give l(3).
-5
Let q(w) = -2*w**3 + 2*w**2 + 5*w - 6. Let b be q(2). Let o(h) = -h**3 - 3*h**2 + 10*h + 26. Let r be o(b). Let l(m) = 2 - r*m + 0*m - m. Give l(-5).
17
Let u be (-42)/154*2/3*-11. Let t(l) = -1 + 1268*l**2 + 0*l - 2518*l**2 - u*l + 1257*l**2. Calculate t(-1).
8
Let l(n) = 11*n**3 - 25*n**2 - 17*n + 5. Let b(c) = 4*c**3 - 9*c**2 - 6*c + 2. Let j(o) = 8*b(o) - 3*l(o). Let k = -57 + 61. Determine j(k).
-3
Let j(x) = x**2 + 4*x + 3. Suppose i = 4*b - 4, -3*b + 3 = 2*i + i. Let h = -4 + b. Determine j(h).
0
Let u = 15 - 3. Let l = 6 - u. Let h(y) = -y**3 - 11*y**2 - 2*y - 9. Let s(o) = 5*o**3 + 57*o**2 + 8*o + 48. Let w(j) = -11*h(j) - 2*s(j). What is w(l)?
3
Let h(i) = -i**2 + 5*i - 9. Let u be -2 - (74 - (-1 - 1)). Suppose -28 = -4*w - 5*f + 293, 0 = -2*f - 6. Let y = u + w. What is h(y)?
-15
Let i = 15 + -11. Suppose -2 = 3*v + i. Let o(n) = -31214*n**2 - 4*n + 7772*n**2 + 7816*n**2 + 7813*n**2 + 7811*n**2 - 2 + n**3. What is o(v)?
-10
Let m(p) be the first derivative of 11*p**3/3 + 3*p**2/2 - 1145. Determine m(-2).
38
Let j(w) be the third derivative of 1/6*w**4 - 1/6*w**3 - 3*w**2 + 0*w - 5. What is j(5)?
19
Let d be (22 + -44)*2/(-4). Let o(z) = -z**2 + 7*z + 9. Calculate o(d).
-35
Suppose -2*q + i = 1, -4*i = 4*q - 5*i - 1. Let m(b) = b**3 - 2*b + 2. Calculate m(q).
1
Suppose -3*b + 0*b + 21 = 0. Let f(m) = 15*m**3 + 8*m**3 + 11*m**3 - 10*m - 6*m**2 + 8 - 33*m**3. Calculate f(b).
-13
Let o = 11354 + -11352. Let q(m) = -51*m + 111. Calculate q(o).
9
Let a(z) = z**2 - 25*z + 71. Let c be a(22). Let b(v) = -4*v - 5 + 5*v**2 - 5*v**2 - c*v**2 + 2 + 4*v**2. Determine b(-4).
-3
Suppose 4*x + 4*h - 480 = 7*h, -2*x - 2*h + 254 = 0. Let s = x + -129. Let u(d) = -11 - d + 4*d - 4*d. Determine u(s).
-5
Let b(s) be the second derivative of s**3/3 - 32*s**2 - 64*s - 1. What is b(28)?
-8
Let j(t) = -t**3 + 5*t**2 - 3*t. Let w = 4035 - 4029. Give j(w).
-54
Let f(n) = -78 + 150 + n - 78. Let r(p) = p**3 - 11*p**2 - 26*p + 5. Let y = -94 + 107. Let i be r(y). What is f(i)?
-1
Let o(b) be the third derivative of b**5/60 + b**4/6 + 2*b**3/3 + 1003*b**2. Calculate o(-4).
4
Suppose 68*g - 119*g - 183 - 123 = 0. Let a(k) = -3*k - 3 - 3 + 5*k + k**2. What is a(g)?
18
Suppose -3*y = -12, 3*o + 0*o - 3*y = -54. Let u(w) = w**2 + 19*w + 75. Let g be u(o). Let i(t) = 2*t**2 - 6*t - 4. What is i(g)?
16
Let v be (-12)/5 + 4/10. Let u(x) = 20*x - 1. Let a(h) = 297*h - 15. Let z(n) = a(n) - 15*u(n). Determine z(v).
6
Let k(u) = 5*u**2 - 22*u + 7. Let n(s) = -177*s**2 + 775*s - 244. Let h(z) = -71*k(z) - 2*n(z). Suppose -f + 4*a + 3 = 7*a, 3*f + 4*a - 24 = 0. What is h(f)?
-9
Let n(y) = 1 + 59*y**3 + 24*y**2 - 2*y - 57*y**3 - 47*y**2 + 18*y**2. Determine n(4).
41
Suppose -3*r + 25 = 2*r. Let y(n) be the third derivative of 0 + 33*n**2 - 1/60*n**5 + 1/12*n**4 + 2/3*n**3 + 0*n. What is y(r)?
-11
Let k(h) = -h - 2. Suppose -2 = 2*p, 3*i + 5*p = 3*p + 7. Suppose i*j - 13 = -22. Let l be 4 + (6 - 3) + j. What is k(l)?
-6
Let f(d) be the first derivative of -d**3/3 - d**2 + 39*d - 2426. Give f(5).
4
Let j(c) = c**2 - 7*c - 15. Let m be j(9). Let l(p) = 4*p**m - 1 + 2*p - p + 7*p**3 - 7*p**3. Calculate l(1).
4
Let w(n) be the second derivative of n**4/12 + 2*n**3/3 - n**2 - 8*n. Suppose -4*v = -3*v - 11. Suppose 0 = -v*q + 10*q - 2*z - 12, 0 = 2*q - 4*z. Give w(q).
10
Let l(s) = -3*s - 6. Let r = 237 - 213. Suppose -21*i + r*i + 8 = -j, 0 = 2*i - 2*j + 16. Calculate l(i).
6
Let v = -394 - -1977. Let a(f) = 4 + v*f + 6 - 1585*f. Determine a(10).
-10
Let t = -2257 + 2261. Let f(s) be the third derivative of s**4/6 + s**3/2 + 7*s**2. Calculate f(t).
19
Let c(i) be th